{"id":1951,"date":"2024-05-15T16:33:23","date_gmt":"2024-05-15T14:33:23","guid":{"rendered":"https:\/\/jubiontour.de\/?page_id=1951"},"modified":"2024-05-25T04:58:40","modified_gmt":"2024-05-25T02:58:40","slug":"kanada-2024","status":"publish","type":"page","link":"https:\/\/jubiontour.de\/?page_id=1951","title":{"rendered":"Kanada 2024"},"content":{"rendered":"<ul class=\"wp-block-latest-posts__list has-dates wp-block-latest-posts\"><li><a class=\"wp-block-latest-posts__post-title\" href=\"https:\/\/jubiontour.de\/?p=2125\">Zusammenfassung und Res\u00fcmee<\/a><time datetime=\"2024-07-16T17:14:59+02:00\" class=\"wp-block-latest-posts__post-date\">Dienstag, 16. Juli 2024<\/time><div class=\"wp-block-latest-posts__post-excerpt\">Moin liebe Leser, tja, jetzt sind wir schon seit Sonntag Nachmittag wieder zu Hause angekommen. Diesmal haben wir mit dem Jet-Lag zu k\u00e4mpfen, was auf dem Weg nach Kanada kein Problem war. Aber noch ein paar Tage, dann wird auch das durch sein. Noch ein erw\u00e4hnenswertes Ereignis in den letzten Tagen, wir haben wieder die Arctic\/Atlantic-Wasserscheide \u00fcberschritten \u00e4\u00e4\u00e4hh \u00fcberfahren\u00a0\u00a0 \u00a0 Oft gesehen hier mit einer automatischen Sperrung &nbsp; Bevor ich jedoch zum Res\u00fcmee komme, hier noch in komprimierter Form unsere Strecke und ein paar Daten. Der besseren \u00dcbersicht halber habe ich die Strecke in 2 Teile gesplittet. Der Start war<\/div><\/li>\n<li><a class=\"wp-block-latest-posts__post-title\" href=\"https:\/\/jubiontour.de\/?p=2121\">CP &#8211; Impressionen<\/a><time datetime=\"2024-07-13T12:24:04+02:00\" class=\"wp-block-latest-posts__post-date\">Samstag, 13. Juli 2024<\/time><div class=\"wp-block-latest-posts__post-excerpt\">Und heute wieder ein Beitrag f\u00fcr die Bahnfans \ud83d\ude42 Ein Getreidewaggon-Zug 2 Loks ziehen 104 Waggons Getreideumschlagsbahnhof mit Rangierlokomotiven \u00a0 Baumaschinen \u00a0 &#8222;nur so&#8220; ohne weitere Bilder Hier f\u00e4ngt der n\u00e4chste Zug an in der Kurve endet er noch nicht! Nochmal die 2. Zuglok\u00a0 nach 128 Waggons ist dann Schlu\u00df! Hier habe ich auch das erste Mal 53(!!)Fu\u00df-Container gesehen. Und hier dann der letzte: \u00a0 nach 102 Waggons die 2. Lokomotive und dann nach weiteren 48 Waggons der Schlu\u00df. Also nach insgesammt 150 Waggons! Nat\u00fcrlich gibt es zu diesen Bildern auch Filme, nur die w\u00fcrden hier aus dem Urlaub alles<\/div><\/li>\n<li><a class=\"wp-block-latest-posts__post-title\" href=\"https:\/\/jubiontour.de\/?p=2112\">Impressionen von unterwegs<\/a><time datetime=\"2024-07-11T00:34:08+02:00\" class=\"wp-block-latest-posts__post-date\">Donnerstag, 11. Juli 2024<\/time><div class=\"wp-block-latest-posts__post-excerpt\">Moin liebe Leser, heute Abend im &#8222;Sturgeon Bay Provincial Park&#8220; haben wir einigermassen cell-phone Empfang und damit dann auch Internet. Daher dachte ich mir, euch in den letzten Tage noch ein paar Impressionen, die ich in den anderen Berichten unter den Tisch habe fallen lassen oder schlichtweg vergessen habe, zu senden. Fangen wir mit ein paar Tieren an hier der Canada-Kranich, haben wir in Manitoba und Saskatchewan, also in der Ebene, \u00f6fter gesehen. Oft mit einem Kleinen dabei. \u00a0 hier ein ??? \u00a0 \u00fcberall viel vertreten. Und ebenfalls in den weiten Ebenen, ein Elk \u00a0\u00a0 Die Strassen: da hinten links<\/div><\/li>\n<li><a class=\"wp-block-latest-posts__post-title\" href=\"https:\/\/jubiontour.de\/?p=2109\">Es ist passiert!<\/a><time datetime=\"2024-07-08T03:12:43+02:00\" class=\"wp-block-latest-posts__post-date\">Montag, 8. Juli 2024<\/time><div class=\"wp-block-latest-posts__post-excerpt\">Leider musstet Ihr, liebe Leser, noch einen Tag warten um die Neuigkeit zu erfahren, denn wir haben den letzten Abend\/Nacht in einer Gegend ohne Netzabdeckung verbracht. Heute haben wir zwar auch kein vern\u00fcnftiges Telefonnetz &#8211; der Sendemast ist hinter dem n\u00e4chsten Berg, haben wir erfahren &#8211; aber daf\u00fcr gibt es Wlan vom CP. So, und was ist jetzt passiert? Wir fahren gem\u00fctlich auf dem Trans-Kanada-Highway, Hwy 17, zwischen Terrace Bay und Neys,\u00a0 da taucht mit einmal ein gro\u00dfer schwarzer Berg auf der linken Fahrbahnseite auf! OK, gibt es dauernd, irgendwelche B\u00e4ume etc &#8211; aber dieser Berg bewegt sich und geht<\/div><\/li>\n<li><a class=\"wp-block-latest-posts__post-title\" href=\"https:\/\/jubiontour.de\/?p=2100\">Room-Tour<\/a><time datetime=\"2024-07-06T02:03:10+02:00\" class=\"wp-block-latest-posts__post-date\">Samstag, 6. Juli 2024<\/time><div class=\"wp-block-latest-posts__post-excerpt\">Moin liebe Leser, heutzutage spricht man ja im Zeitalter der Vlog&#8217;s von einer &#8222;Room-Tour&#8220; wenn man Inneneinrichtung zeigt, dem schlie\u00dfen wir uns an und wollen euch heute unser rollendes Heim der letzten Wochen einmal von innen zeigen. Vielleicht hat der eine oder andere ja auch schon mal bei Fraserway geguckt. Das sind sch\u00f6ne Bilder &#8211; naja eben Prospekt-Bilder \ud83d\ude09 Aber wir wollen nicht meckern, wenn wir nehmen, was wir unserem C-Large alles zugemutet haben &#8211; er hat, bis auf die 2 Macken &#8211; alles super gemeistert! Fangen wir an mit einem Blick auf das Doppelbett hinten (145 x 200 cm)<\/div><\/li>\n<\/ul>","protected":false},"excerpt":{"rendered":"","protected":false},"author":1,"featured_media":0,"parent":0,"menu_order":0,"comment_status":"closed","ping_status":"closed","template":"","meta":{"colormag_page_container_layout":"default_layout","colormag_page_sidebar_layout":"default_layout","footnotes":""},"class_list":["post-1951","page","type-page","status-publish","hentry"],"_links":{"self":[{"href":"https:\/\/jubiontour.de\/index.php?rest_route=\/wp\/v2\/pages\/1951","targetHints":{"allow":["GET"]}}],"collection":[{"href":"https:\/\/jubiontour.de\/index.php?rest_route=\/wp\/v2\/pages"}],"about":[{"href":"https:\/\/jubiontour.de\/index.php?rest_route=\/wp\/v2\/types\/page"}],"author":[{"embeddable":true,"href":"https:\/\/jubiontour.de\/index.php?rest_route=\/wp\/v2\/users\/1"}],"replies":[{"embeddable":true,"href":"https:\/\/jubiontour.de\/index.php?rest_route=%2Fwp%2Fv2%2Fcomments&post=1951"}],"version-history":[{"count":2,"href":"https:\/\/jubiontour.de\/index.php?rest_route=\/wp\/v2\/pages\/1951\/revisions"}],"predecessor-version":[{"id":1974,"href":"https:\/\/jubiontour.de\/index.php?rest_route=\/wp\/v2\/pages\/1951\/revisions\/1974"}],"wp:attachment":[{"href":"https:\/\/jubiontour.de\/index.php?rest_route=%2Fwp%2Fv2%2Fmedia&parent=1951"}],"curies":[{"name":"wp","href":"https:\/\/api.w.org\/{rel}","templated":true}]}}